-660. What is the hundreds digit of b?
1
Suppose 3*x + 12*x = -135. Let b be 99/(-2)*30/x. What is the hundreds digit of ((-1)/((-2)/8))/(5/b)?
1
Suppose -2*k - 4 = -0*k. Let j = 643 + -621. Let l = j - k. What is the units digit of l?
4
Let w be ((-18)/(-54))/(1/3). What is the units digit of (-5 - w)/(1/(-58))?
8
Let r be ((-20)/(-6))/((-80)/(-14340))*-2. Let q = 2232 + r. What is the tens digit of q?
3
Suppose 0 = -17*k - 0 - 0. Suppose h - 150 - 386 = s, k = -4*h + s + 2150. What is the hundreds digit of h?
5
Let b = -276 - -280. Suppose -k - 5*c + 51 = 0, b*k - 4*c - 234 = 42. What is the units digit of k?
6
Let k = 37 - 33. Suppose m + 5*s = -201, -k*s + 0*s = 5*m + 900. Let q = -125 - m. What is the units digit of q?
1
Suppose -3215233 = 240*q - 7153538 - 5275775. What is the ten thousands digit of q?
3
Suppose 4644 = 4*z - 6*b + 2*b, -4*z = -2*b - 4654. What is the thousands digit of z?
1
Let b be 1/(5*3/45). Suppose -2*j - 10 = 0, -4*j + 13 = b*v - 30. What is the tens digit of v?
2
Let c(k) = -226*k**2 + 2*k + 5. Let o be c(-2). Let b = -460 - o. What is the tens digit of b?
4
Let k(t) = t**3 + 4*t**2 - 6*t - 5. Let i be (-1 + 0)*(-85)/(-17). Let b be k(i). What is the tens digit of -3 + b - (-42 - 3)?
4
Let u be -8*(-2 + 21/(-28) - -4). Let z be (-3)/(30/(-33) + 1). What is the units digit of (-1656)/z + u/55?
0
Let a be -22 + 0 + (2/2 - 5). What is the tens digit of (-6 - -2 - -32)/((-2)/a)?
6
Let j(d) = -2970*d + 383. What is the thousands digit of j(-23)?
8
Let x(b) = b**2 - b - 3. Let s be x(4). Suppose -s*w + 14*w - 350 = 0. Let h = -17 + w. What is the tens digit of h?
5
Let h be (-4466)/(-33) + 1/(-3). Let o = 799 - h. What is the tens digit of o?
6
Suppose -10*f - 16*f + 59904 = -10*f. What is the tens digit of f?
4
Let x(i) = -40*i + 1. Let d be x(-2). Let t = -48 - -54. Suppose t*u - 9*u + d = 0. What is the tens digit of u?
2
Let g = 1750 - -862. What is the thousands digit of g?
2
Let x(t) = 1438*t**2 - 3153*t - 18. What is the thousands digit of x(6)?
2
Let m(u) = u**3 + 5*u**2 - 7*u - 1. Let g be m(-6). Suppose -2*v - 171 = -g*v. Let j = 107 - v. What is the tens digit of j?
5
Suppose 302 = -3*g - 649. Let b = g - -576. Suppose 0 = 8*i - 101 - b. What is the tens digit of i?
4
Suppose 0 = 2*x - 49*t + 50*t - 47311, -5*x + 118279 = t. What is the tens digit of x?
5
Let d = -7104 + 24473. What is the hundreds digit of d?
3
Let q = 87 + 177. Let v be ((5 + -4)*-3 - 1) + q. Suppose 5*i - 46 = -5*r + 274, -2*r + v = 4*i. What is the tens digit of i?
6
Let p = -474 - -479. Suppose 5*f - 198 = 2*u + 368, -3*u = -p*f + 564. What is the tens digit of f?
1
Let s = -931 + 2366. What is the hundreds digit of s?
4
Let r be 60/(-14) - -9 - (-4)/14. What is the units digit of -7 + 4 + r - (-978 + 0)?
0
Suppose -103*v = 84*v - 156*v - 168082. What is the hundreds digit of v?
4
Let y(h) = h**2 + 16*h + 20. Let g be y(-13). Let b = 49 - g. What is the tens digit of b?
6
Let u(t) be the second derivative of -17*t**3/6 + 14*t**2 - 7*t - 2. What is the tens digit of u(-9)?
8
Let l = 1823 - 1118. Let i = 1322 - l. What is the tens digit of i?
1
Suppose 3*g = 11*g + 224. Let c = g - -33. Suppose -565 = -c*o + 3*l, o + 3*o - 459 = l. What is the units digit of o?
6
Let c = 594 - -756. Suppose -o + 6*o = c. What is the tens digit of o?
7
Suppose 23*w - 362744 = 161909. What is the thousands digit of w?
2
Suppose -4516 = -28*i + 24*i. Suppose 5*c - i = 941. What is the hundreds digit of c?
4
Let k = -50657 + 71568. What is the tens digit of k?
1
What is the tens digit of ((-81)/162)/((1/(-3))/(2 + 18112))?
7
What is the tens digit of (4/(-18))/((-186)/3348) + (-40662)/(-1)?
6
Let a(f) = 1319*f**2 + 46*f + 10. What is the thousands digit of a(4)?
1
Let b(d) = -3*d**3 + 19*d**2 - 5*d - 14. Let c be b(6). What is the hundreds digit of (1 - 4)*1192/c?
4
Let h be 14/(-8) + (-16)/64. What is the units digit of (57/h)/((40/96)/(-5))?
2
Suppose -3*l + 175 = -7*s + 6*s, -l = 2. Let n = s - -216. What is the units digit of n?
5
Suppose -2*m - 7 = -17. Let l = -17 + m. Let q(a) = -a**3 - 12*a**2 - 8*a - 8. What is the units digit of q(l)?
8
Let d(a) = -104 + 12*a**2 - 102 + 5*a - a**3 + 191. What is the hundreds digit of d(11)?
1
What is the thousands digit of (8 + 2)/(7*(-2)/(-9324))?
6
Let r = 40 + -37. Suppose -4*b + g = -0*b - 2098, 3*b - r*g = 1578. What is the tens digit of b?
2
Suppose 0 = -a - 2*v - 189, 0 = -2*a + v - 84 - 289. Let l = a - -269. What is the units digit of l?
2
Suppose 1754480 = 160*d + 120*d. What is the tens digit of d?
6
Suppose 0 = 22*c + 7*c - 8468. Let r = c - 51. What is the tens digit of r?
4
Suppose -2530915 = -41*v + 840916 - 513188. What is the thousands digit of v?
9
Let x = 4061 + 3442. What is the hundreds digit of x?
5
Let b = 2528 - -4612. What is the units digit of b?
0
Suppose -25 - 5 = -2*q. Suppose -13202 = q*y - 38*y. What is the units digit of y?
4
Let z be (0 - -1)/((-3)/267). Let l(p) = p**3 - 9*p**2 - 86*p + 449. Let o be l(5). Let q = o - z. What is the units digit of q?
8
Suppose -18168 = -5*l - 4*h, l - 2*h - 95 = 3533. What is the hundreds digit of l?
6
Suppose -5*w = -3*f - 138662, 12*f - 16*f + 27737 = w. What is the tens digit of w?
3
Suppose -7*t + 15*t = -32. Let n be 2*(-12)/4*t/3. Suppose n*f = -4*u + 5*f + 816, -796 = -4*u + 2*f. What is the units digit of u?
1
What is the tens digit of (6 - (-7818 - -9)) + -14?
0
Let q(w) = 7*w**2 - 3*w + 5. Let s be q(4). Let p = -3 + s. Suppose -4*b + p = 2*b. What is the tens digit of b?
1
Suppose -61*z + 151*z = 45*z + 1042920. What is the tens digit of z?
7
Let w(o) = 51*o + 14. Suppose -16*r - 40 = -328. What is the tens digit of w(r)?
3
Suppose 0 = p, -2*u + 5*u = 3*p - 285. Let z = 100 + u. Suppose -3*y + 44 - 338 = -n, -5*n + z*y = -1450. What is the tens digit of n?
8
Let g(z) = -z**3 - 2*z**2 - 2*z - 10. Let q be g(-3). What is the hundreds digit of 1081/q + (-6)/5?
2
Let g = -356 - -1451. Suppose -4*i - 93 - g = 0. What is the hundreds digit of i/(-2) - (-20)/40?
1
Let r = -127 - -130. Let k(f) = 14*f**3 + 4*f - 15*f**r + 8*f - 3*f - 3*f**2 + 13. What is the tens digit of k(-7)?
4
Let v be -8 + (-30)/(-3) + -1 + 3. Suppose 0 = -2*z - 3*o - 11, 6 = -4*z - 2*o + v. What is the units digit of -1 + (-2 - -2) + z + 152?
3
Let h = 2291 + 27732. What is the hundreds digit of h?
0
Let g(a) = -a**2 + 26*a - 25. Let l be g(18). Suppose -6*s = -l - 193. Suppose -51*r = -s*r + 255. What is the units digit of r?
5
Suppose -81*p + 325750 + 579416 = -1601136. What is the tens digit of p?
4
Let a be 2/7 + (12/7 - 2). Suppose 5*d = -a*d - 15, 609 = 2*h - 3*d. What is the tens digit of h?
0
Let l = -12857 + 18911. What is the units digit of l?
4
Let c(j) = -j**3 - 11*j**2 + 2*j - 312. Let r be c(-13). Let l = 9 + -3. Suppose 3*n + 2*k - 307 = r, -2*n + l*k + 206 = 8*k. What is the tens digit of n?
0
Let c = -22 + -14. Let h = c - -38. What is the hundreds digit of ((-482)/(-12) - h)/(2/12)?
2
Suppose 49*t - 117405 + 22411 - 338411 = 0. What is the tens digit of t?
4
Suppose 0 = 5*n + 5, n = -2*v + 5*v - 52. Suppose v*j - 866 = 290. What is the tens digit of j?
6
Suppose -4*t - 667 = 341. Let h be (-18)/2 + -1 + (120/(-6) - -23). What is the units digit of h/(t/(-27)) - 59/(-4)?
4
Suppose 993308 = -76*m + 192*m. What is the tens digit of m?
6
Suppose -20 = -4*g + 5*r, 0 = 2*r + 3*r + 20. Suppose -p = 5*s - g*p - 3122, -s + 5*p = -640. What is the tens digit of s?
2
What is the units digit of (-21 - (-8 + 6)) + 13819?
0
Suppose 4*w = -8, -4*f - 4 = -28*w + 32*w. Let g(n) = 187*n + 1. Let c(u) = 94*u + 1. Let l(a) = -7*c(a) + 4*g(a). What is the tens digit of l(f)?
8
Let n be 3 + (56/(-6))/(12/(-18)). Suppose -n*d + 7360 + 7872 = 0. What is the hundreds digit of d?
8
Let w be (-13 - -3)*-3*(-2)/(-10). Let h be 2/w*-3 - (-2 - 69). Suppose 4*k = h + 322. What is the tens digit of k?
9
Let c = -117 - -282. Suppose 5*m = 4*j + c, -2*m - 11 = -5*j - 196. Let y = 147 - j. What is the units digit of y?
2
Suppose 7*q = 20*q - 26. Suppose -q*p = p - 18. What is the units digit of 4*62 - (-7 + p + 5)?
4
Suppose 0 = w + 5*n + 37, n = 4*w - 0*n + 43. Let v = w + 22. Suppose 658 = -3*i + v*i. What is the tens digit of i?
9
Let u(j) = 5*j - 2. Suppose 0 = -3*c - 11 + 8. Let y b